[INFO] fetching crate interval 0.0.1...
[INFO] checking interval-0.0.1 against master#af3c6e733a40e671550e0f0f5aeecaa13772ba56 for pr-74989
[INFO] extracting crate interval 0.0.1 into /workspace/builds/worker-4/source
[INFO] validating manifest of crates.io crate interval 0.0.1 on toolchain af3c6e733a40e671550e0f0f5aeecaa13772ba56
[INFO] running `Command { std: "/workspace/cargo-home/bin/cargo" "+af3c6e733a40e671550e0f0f5aeecaa13772ba56" "read-manifest" "--manifest-path" "Cargo.toml", kill_on_drop: false }`
[INFO] started tweaking crates.io crate interval 0.0.1
[INFO] finished tweaking crates.io crate interval 0.0.1
[INFO] tweaked toml for crates.io crate interval 0.0.1 written to /workspace/builds/worker-4/source/Cargo.toml
[INFO] running `Command { std: "/workspace/cargo-home/bin/cargo" "+af3c6e733a40e671550e0f0f5aeecaa13772ba56" "generate-lockfile" "--manifest-path" "Cargo.toml" "-Zno-index-update", kill_on_drop: false }`
[INFO] running `Command { std: "/workspace/cargo-home/bin/cargo" "+af3c6e733a40e671550e0f0f5aeecaa13772ba56" "fetch" "--locked" "--manifest-path" "Cargo.toml", kill_on_drop: false }`
[INFO] running `Command { std: "docker" "create" "-v" "/var/lib/crater-agent-workspace/builds/worker-4/target:/opt/rustwide/target:rw,Z" "-v" "/var/lib/crater-agent-workspace/builds/worker-4/source:/opt/rustwide/workdir:ro,Z" "-v" "/var/lib/crater-agent-workspace/cargo-home:/opt/rustwide/cargo-home:ro,Z" "-v" "/var/lib/crater-agent-workspace/rustup-home:/opt/rustwide/rustup-home:ro,Z" "-e" "SOURCE_DIR=/opt/rustwide/workdir" "-e" "CARGO_TARGET_DIR=/opt/rustwide/target" "-e" "CARGO_HOME=/opt/rustwide/cargo-home" "-e" "RUSTUP_HOME=/opt/rustwide/rustup-home" "-w" "/opt/rustwide/workdir" "-m" "1610612736" "--user" "0:0" "--network" "none" "rustops/crates-build-env@sha256:d92eaeed33fa75130ca1ee6c8a01d1ffb62bac859dfdfb3450e3e5d1c0146529" "/opt/rustwide/cargo-home/bin/cargo" "+af3c6e733a40e671550e0f0f5aeecaa13772ba56" "metadata" "--no-deps" "--format-version=1", kill_on_drop: false }`
[INFO] [stdout] e7c75160f79c33a05494c8b9b9fe2fc2a82606399cf4ebc6e07930061a50b49c
[INFO] [stderr] WARNING: Your kernel does not support swap limit capabilities or the cgroup is not mounted. Memory limited without swap.
[INFO] running `Command { std: "docker" "start" "-a" "e7c75160f79c33a05494c8b9b9fe2fc2a82606399cf4ebc6e07930061a50b49c", kill_on_drop: false }`
[INFO] running `Command { std: "docker" "inspect" "e7c75160f79c33a05494c8b9b9fe2fc2a82606399cf4ebc6e07930061a50b49c", kill_on_drop: false }`
[INFO] running `Command { std: "docker" "rm" "-f" "e7c75160f79c33a05494c8b9b9fe2fc2a82606399cf4ebc6e07930061a50b49c", kill_on_drop: false }`
[INFO] [stdout] e7c75160f79c33a05494c8b9b9fe2fc2a82606399cf4ebc6e07930061a50b49c
[INFO] running `Command { std: "docker" "create" "-v" "/var/lib/crater-agent-workspace/builds/worker-4/target:/opt/rustwide/target:rw,Z" "-v" "/var/lib/crater-agent-workspace/builds/worker-4/source:/opt/rustwide/workdir:ro,Z" "-v" "/var/lib/crater-agent-workspace/cargo-home:/opt/rustwide/cargo-home:ro,Z" "-v" "/var/lib/crater-agent-workspace/rustup-home:/opt/rustwide/rustup-home:ro,Z" "-e" "SOURCE_DIR=/opt/rustwide/workdir" "-e" "CARGO_TARGET_DIR=/opt/rustwide/target" "-e" "CARGO_INCREMENTAL=0" "-e" "RUST_BACKTRACE=full" "-e" "RUSTFLAGS=--cap-lints=forbid" "-e" "CARGO_HOME=/opt/rustwide/cargo-home" "-e" "RUSTUP_HOME=/opt/rustwide/rustup-home" "-w" "/opt/rustwide/workdir" "-m" "1610612736" "--user" "0:0" "--network" "none" "rustops/crates-build-env@sha256:d92eaeed33fa75130ca1ee6c8a01d1ffb62bac859dfdfb3450e3e5d1c0146529" "/opt/rustwide/cargo-home/bin/cargo" "+af3c6e733a40e671550e0f0f5aeecaa13772ba56" "check" "--frozen" "--all" "--all-targets" "--message-format=json", kill_on_drop: false }`
[INFO] [stdout] 73edf22a9b60eea6a0ef6b0ea00485dab48215ebc2e0a467fd0caebc165e30a4
[INFO] [stderr] WARNING: Your kernel does not support swap limit capabilities or the cgroup is not mounted. Memory limited without swap.
[INFO] running `Command { std: "docker" "start" "-a" "73edf22a9b60eea6a0ef6b0ea00485dab48215ebc2e0a467fd0caebc165e30a4", kill_on_drop: false }`
[INFO] [stderr]     Checking interval v0.0.1 (/opt/rustwide/workdir)
[INFO] [stdout] error: invalid suffix `i` for integer literal
[INFO] [stdout]    --> src/lib.rs:146:27
[INFO] [stdout]     |
[INFO] [stdout] 146 |     let i = Interval::new(0i, 1);
[INFO] [stdout]     |                           ^^ invalid suffix `i`
[INFO] [stdout]     |
[INFO] [stdout]     = help: the suffix must be one of the integral types (`u32`, `isize`, etc)
[INFO] [stdout] 
[INFO] [stdout] 
[INFO] [stdout] error: invalid suffix `i` for integer literal
[INFO] [stdout]    --> src/lib.rs:159:27
[INFO] [stdout]     |
[INFO] [stdout] 159 |     let i = Interval::new(0i, 1);
[INFO] [stdout]     |                           ^^ invalid suffix `i`
[INFO] [stdout]     |
[INFO] [stdout]     = help: the suffix must be one of the integral types (`u32`, `isize`, etc)
[INFO] [stdout] 
[INFO] [stdout] 
[INFO] [stdout] error: invalid suffix `i` for integer literal
[INFO] [stdout]    --> src/lib.rs:169:32
[INFO] [stdout]     |
[INFO] [stdout] 169 |     let before = Interval::new(0i, 2);
[INFO] [stdout]     |                                ^^ invalid suffix `i`
[INFO] [stdout]     |
[INFO] [stdout]     = help: the suffix must be one of the integral types (`u32`, `isize`, etc)
[INFO] [stdout] 
[INFO] [stdout] 
[INFO] [stdout] error: invalid suffix `i` for integer literal
[INFO] [stdout]    --> src/lib.rs:170:31
[INFO] [stdout]     |
[INFO] [stdout] 170 |     let after = Interval::new(3i, 5);
[INFO] [stdout]     |                               ^^ invalid suffix `i`
[INFO] [stdout]     |
[INFO] [stdout]     = help: the suffix must be one of the integral types (`u32`, `isize`, etc)
[INFO] [stdout] 
[INFO] [stdout] 
[INFO] [stdout] error: invalid suffix `i` for integer literal
[INFO] [stdout]    --> src/lib.rs:175:38
[INFO] [stdout]     |
[INFO] [stdout] 175 |     let intersecting = Interval::new(1i, 4);
[INFO] [stdout]     |                                      ^^ invalid suffix `i`
[INFO] [stdout]     |
[INFO] [stdout]     = help: the suffix must be one of the integral types (`u32`, `isize`, etc)
[INFO] [stdout] 
[INFO] [stdout] 
[INFO] [stdout] error: invalid suffix `i` for integer literal
[INFO] [stdout]    --> src/lib.rs:229:35
[INFO] [stdout]     |
[INFO] [stdout] 229 |     let singleton = Interval::new(1i, 1);
[INFO] [stdout]     |                                   ^^ invalid suffix `i`
[INFO] [stdout]     |
[INFO] [stdout]     = help: the suffix must be one of the integral types (`u32`, `isize`, etc)
[INFO] [stdout] 
[INFO] [stdout] 
[INFO] [stdout] error: invalid suffix `i` for integer literal
[INFO] [stdout]    --> src/lib.rs:244:31
[INFO] [stdout]     |
[INFO] [stdout] 244 |     let first = Interval::new(0i, 1);
[INFO] [stdout]     |                               ^^ invalid suffix `i`
[INFO] [stdout]     |
[INFO] [stdout]     = help: the suffix must be one of the integral types (`u32`, `isize`, etc)
[INFO] [stdout] 
[INFO] [stdout] 
[INFO] [stdout] error: invalid suffix `i` for integer literal
[INFO] [stdout]    --> src/lib.rs:245:32
[INFO] [stdout]     |
[INFO] [stdout] 245 |     let second = Interval::new(1i, 2);
[INFO] [stdout]     |                                ^^ invalid suffix `i`
[INFO] [stdout]     |
[INFO] [stdout]     = help: the suffix must be one of the integral types (`u32`, `isize`, etc)
[INFO] [stdout] 
[INFO] [stdout] 
[INFO] [stdout] error: invalid suffix `i` for integer literal
[INFO] [stdout]    --> src/lib.rs:254:31
[INFO] [stdout]     |
[INFO] [stdout] 254 |     let first = Interval::new(0i, 1);
[INFO] [stdout]     |                               ^^ invalid suffix `i`
[INFO] [stdout]     |
[INFO] [stdout]     = help: the suffix must be one of the integral types (`u32`, `isize`, etc)
[INFO] [stdout] 
[INFO] [stdout] 
[INFO] [stdout] error: invalid suffix `i` for integer literal
[INFO] [stdout]    --> src/lib.rs:255:32
[INFO] [stdout]     |
[INFO] [stdout] 255 |     let second = Interval::new(2i, 3);
[INFO] [stdout]     |                                ^^ invalid suffix `i`
[INFO] [stdout]     |
[INFO] [stdout]     = help: the suffix must be one of the integral types (`u32`, `isize`, etc)
[INFO] [stdout] 
[INFO] [stdout] 
[INFO] [stdout] error[E0432]: unresolved import `std::fmt::Show`
[INFO] [stdout]  --> src/lib.rs:9:5
[INFO] [stdout]   |
[INFO] [stdout] 9 | use std::fmt::Show;
[INFO] [stdout]   |     ^^^^^^^^^^^^^^ no `Show` in `fmt`
[INFO] [stdout] 
[INFO] [stdout] 
[INFO] [stdout] error[E0432]: unresolved import `std::num::Int`
[INFO] [stdout]   --> src/lib.rs:10:5
[INFO] [stdout]    |
[INFO] [stdout] 10 | use std::num::Int;
[INFO] [stdout]    |     ^^^^^^^^^^^^^ no `Int` in `num`
[INFO] [stdout] 
[INFO] [stdout] 
[INFO] [stdout] error: cannot find attribute `deriving` in this scope
[INFO] [stdout]   --> src/lib.rs:33:3
[INFO] [stdout]    |
[INFO] [stdout] 33 | #[deriving(Clone, Copy, PartialEq, Eq)]
[INFO] [stdout]    |   ^^^^^^^^
[INFO] [stdout] 
[INFO] [stdout] 
[INFO] [stdout] error[E0412]: cannot find type `Ordering` in this scope
[INFO] [stdout]   --> src/lib.rs:70:58
[INFO] [stdout]    |
[INFO] [stdout] 70 |     fn partial_cmp(&self, other: &Interval<T>) -> Option<Ordering> {
[INFO] [stdout]    |                                                          ^^^^^^^^ not found in this scope
[INFO] [stdout]    |
[INFO] [stdout] help: consider importing one of these items
[INFO] [stdout]    |
[INFO] [stdout] 9  | use std::cmp::Ordering;
[INFO] [stdout]    |
[INFO] [stdout] 9  | use std::sync::atomic::Ordering;
[INFO] [stdout]    |
[INFO] [stdout] 
[INFO] [stdout] 
[INFO] [stdout] error[E0425]: cannot find value `Equal` in this scope
[INFO] [stdout]   --> src/lib.rs:77:40
[INFO] [stdout]    |
[INFO] [stdout] 77 |         if self == other { return Some(Equal); }
[INFO] [stdout]    |                                        ^^^^^ not found in this scope
[INFO] [stdout]    |
[INFO] [stdout] help: consider importing this unit variant
[INFO] [stdout]    |
[INFO] [stdout] 9  | use std::cmp::Ordering::Equal;
[INFO] [stdout]    |
[INFO] [stdout] 
[INFO] [stdout] 
[INFO] [stdout] error[E0425]: cannot find value `Less` in this scope
[INFO] [stdout]   --> src/lib.rs:78:49
[INFO] [stdout]    |
[INFO] [stdout] 78 |         if self.end < other.begin { return Some(Less); }
[INFO] [stdout]    |                                                 ^^^^ not found in this scope
[INFO] [stdout]    |
[INFO] [stdout] help: consider importing this unit variant
[INFO] [stdout]    |
[INFO] [stdout] 9  | use std::cmp::Ordering::Less;
[INFO] [stdout]    |
[INFO] [stdout] 
[INFO] [stdout] 
[INFO] [stdout] error[E0425]: cannot find value `Greater` in this scope
[INFO] [stdout]   --> src/lib.rs:79:49
[INFO] [stdout]    |
[INFO] [stdout] 79 |         if self.begin > other.end { return Some(Greater); }
[INFO] [stdout]    |                                                 ^^^^^^^ not found in this scope
[INFO] [stdout]    |
[INFO] [stdout] help: consider importing this unit variant
[INFO] [stdout]    |
[INFO] [stdout] 9  | use std::cmp::Ordering::Greater;
[INFO] [stdout]    |
[INFO] [stdout] 
[INFO] [stdout] 
[INFO] [stdout] error[E0412]: cannot find type `uint` in this scope
[INFO] [stdout]    --> src/lib.rs:106:22
[INFO] [stdout]     |
[INFO] [stdout] 106 |     fn len(&self) -> uint;
[INFO] [stdout]     |                      ^^^^ not found in this scope
[INFO] [stdout] 
[INFO] [stdout] 
[INFO] [stdout] error[E0412]: cannot find type `uint` in this scope
[INFO] [stdout]    --> src/lib.rs:112:22
[INFO] [stdout]     |
[INFO] [stdout] 112 |     fn len(&self) -> uint {
[INFO] [stdout]     |                      ^^^^ not found in this scope
[INFO] [stdout] 
[INFO] [stdout] 
[INFO] [stdout] error[E0412]: cannot find type `int` in this scope
[INFO] [stdout]    --> src/lib.rs:152:21
[INFO] [stdout]     |
[INFO] [stdout] 151 | fn test_show_empty() {
[INFO] [stdout]     |                   - help: you might be missing a type parameter: `<int>`
[INFO] [stdout] 152 |     let i: Interval<int> = Interval::empty();
[INFO] [stdout]     |                     ^^^ not found in this scope
[INFO] [stdout] 
[INFO] [stdout] 
[INFO] [stdout] error[E0412]: cannot find type `int` in this scope
[INFO] [stdout]    --> src/lib.rs:158:25
[INFO] [stdout]     |
[INFO] [stdout] 157 | fn test_equality() {
[INFO] [stdout]     |                 - help: you might be missing a type parameter: `<int>`
[INFO] [stdout] 158 |     let empty: Interval<int> = Interval::empty();
[INFO] [stdout]     |                         ^^^ not found in this scope
[INFO] [stdout] 
[INFO] [stdout] 
[INFO] [stdout] error[E0412]: cannot find type `int` in this scope
[INFO] [stdout]    --> src/lib.rs:190:25
[INFO] [stdout]     |
[INFO] [stdout] 189 | fn test_empty_ordering() {
[INFO] [stdout]     |                       - help: you might be missing a type parameter: `<int>`
[INFO] [stdout] 190 |     let empty: Interval<int> = Interval::empty();
[INFO] [stdout]     |                         ^^^ not found in this scope
[INFO] [stdout] 
[INFO] [stdout] 
[INFO] [stdout] error[E0412]: cannot find type `int` in this scope
[INFO] [stdout]    --> src/lib.rs:199:21
[INFO] [stdout]     |
[INFO] [stdout] 198 | fn test_empty_collection() {
[INFO] [stdout]     |                         - help: you might be missing a type parameter: `<int>`
[INFO] [stdout] 199 |     let i: Interval<int> = Interval::empty();
[INFO] [stdout]     |                     ^^^ not found in this scope
[INFO] [stdout] 
[INFO] [stdout] 
[INFO] [stdout] error[E0412]: cannot find type `int` in this scope
[INFO] [stdout]    --> src/lib.rs:206:29
[INFO] [stdout]     |
[INFO] [stdout] 205 | fn test_empty_set() {
[INFO] [stdout]     |                  - help: you might be missing a type parameter: `<int>`
[INFO] [stdout] 206 |     let empty_set: Interval<int> = Interval::empty();
[INFO] [stdout]     |                             ^^^ not found in this scope
[INFO] [stdout] 
[INFO] [stdout] 
[INFO] [stdout] error: aborting due to 24 previous errors
[INFO] [stdout] 
[INFO] [stdout] 
[INFO] [stdout] Some errors have detailed explanations: E0412, E0425, E0432.
[INFO] [stdout] 
[INFO] [stdout] For more information about an error, try `rustc --explain E0412`.
[INFO] [stdout] 
[INFO] [stderr] error: could not compile `interval`.
[INFO] [stderr] 
[INFO] [stderr] To learn more, run the command again with --verbose.
[INFO] [stderr] warning: build failed, waiting for other jobs to finish...
[INFO] [stdout] error: invalid suffix `i` for integer literal
[INFO] [stdout]    --> src/lib.rs:146:27
[INFO] [stdout]     |
[INFO] [stdout] 146 |     let i = Interval::new(0i, 1);
[INFO] [stdout]     |                           ^^ invalid suffix `i`
[INFO] [stdout]     |
[INFO] [stdout]     = help: the suffix must be one of the integral types (`u32`, `isize`, etc)
[INFO] [stdout] 
[INFO] [stdout] 
[INFO] [stdout] error: invalid suffix `i` for integer literal
[INFO] [stdout]    --> src/lib.rs:159:27
[INFO] [stdout]     |
[INFO] [stdout] 159 |     let i = Interval::new(0i, 1);
[INFO] [stdout]     |                           ^^ invalid suffix `i`
[INFO] [stdout]     |
[INFO] [stdout]     = help: the suffix must be one of the integral types (`u32`, `isize`, etc)
[INFO] [stdout] 
[INFO] [stdout] 
[INFO] [stdout] error: invalid suffix `i` for integer literal
[INFO] [stdout]    --> src/lib.rs:169:32
[INFO] [stdout]     |
[INFO] [stdout] 169 |     let before = Interval::new(0i, 2);
[INFO] [stdout]     |                                ^^ invalid suffix `i`
[INFO] [stdout]     |
[INFO] [stdout]     = help: the suffix must be one of the integral types (`u32`, `isize`, etc)
[INFO] [stdout] 
[INFO] [stdout] 
[INFO] [stdout] error: invalid suffix `i` for integer literal
[INFO] [stdout]    --> src/lib.rs:170:31
[INFO] [stdout]     |
[INFO] [stdout] 170 |     let after = Interval::new(3i, 5);
[INFO] [stdout]     |                               ^^ invalid suffix `i`
[INFO] [stdout]     |
[INFO] [stdout]     = help: the suffix must be one of the integral types (`u32`, `isize`, etc)
[INFO] [stdout] 
[INFO] [stdout] 
[INFO] [stdout] error: invalid suffix `i` for integer literal
[INFO] [stdout]    --> src/lib.rs:175:38
[INFO] [stdout]     |
[INFO] [stdout] 175 |     let intersecting = Interval::new(1i, 4);
[INFO] [stdout]     |                                      ^^ invalid suffix `i`
[INFO] [stdout]     |
[INFO] [stdout]     = help: the suffix must be one of the integral types (`u32`, `isize`, etc)
[INFO] [stdout] 
[INFO] [stdout] 
[INFO] [stdout] error: invalid suffix `i` for integer literal
[INFO] [stdout]    --> src/lib.rs:229:35
[INFO] [stdout]     |
[INFO] [stdout] 229 |     let singleton = Interval::new(1i, 1);
[INFO] [stdout]     |                                   ^^ invalid suffix `i`
[INFO] [stdout]     |
[INFO] [stdout]     = help: the suffix must be one of the integral types (`u32`, `isize`, etc)
[INFO] [stdout] 
[INFO] [stdout] 
[INFO] [stdout] error: invalid suffix `i` for integer literal
[INFO] [stdout]    --> src/lib.rs:244:31
[INFO] [stdout]     |
[INFO] [stdout] 244 |     let first = Interval::new(0i, 1);
[INFO] [stdout]     |                               ^^ invalid suffix `i`
[INFO] [stdout]     |
[INFO] [stdout]     = help: the suffix must be one of the integral types (`u32`, `isize`, etc)
[INFO] [stdout] 
[INFO] [stdout] 
[INFO] [stdout] error: invalid suffix `i` for integer literal
[INFO] [stdout]    --> src/lib.rs:245:32
[INFO] [stdout]     |
[INFO] [stdout] 245 |     let second = Interval::new(1i, 2);
[INFO] [stdout]     |                                ^^ invalid suffix `i`
[INFO] [stdout]     |
[INFO] [stdout]     = help: the suffix must be one of the integral types (`u32`, `isize`, etc)
[INFO] [stdout] 
[INFO] [stdout] 
[INFO] [stdout] error: invalid suffix `i` for integer literal
[INFO] [stdout]    --> src/lib.rs:254:31
[INFO] [stdout]     |
[INFO] [stdout] 254 |     let first = Interval::new(0i, 1);
[INFO] [stdout]     |                               ^^ invalid suffix `i`
[INFO] [stdout]     |
[INFO] [stdout]     = help: the suffix must be one of the integral types (`u32`, `isize`, etc)
[INFO] [stdout] 
[INFO] [stdout] 
[INFO] [stdout] error: invalid suffix `i` for integer literal
[INFO] [stdout]    --> src/lib.rs:255:32
[INFO] [stdout]     |
[INFO] [stdout] 255 |     let second = Interval::new(2i, 3);
[INFO] [stdout]     |                                ^^ invalid suffix `i`
[INFO] [stdout]     |
[INFO] [stdout]     = help: the suffix must be one of the integral types (`u32`, `isize`, etc)
[INFO] [stdout] 
[INFO] [stdout] 
[INFO] [stdout] error[E0432]: unresolved import `std::fmt::Show`
[INFO] [stdout]  --> src/lib.rs:9:5
[INFO] [stdout]   |
[INFO] [stdout] 9 | use std::fmt::Show;
[INFO] [stdout]   |     ^^^^^^^^^^^^^^ no `Show` in `fmt`
[INFO] [stdout] 
[INFO] [stdout] 
[INFO] [stdout] error[E0432]: unresolved import `std::num::Int`
[INFO] [stdout]   --> src/lib.rs:10:5
[INFO] [stdout]    |
[INFO] [stdout] 10 | use std::num::Int;
[INFO] [stdout]    |     ^^^^^^^^^^^^^ no `Int` in `num`
[INFO] [stdout] 
[INFO] [stdout] 
[INFO] [stdout] error: cannot find attribute `deriving` in this scope
[INFO] [stdout]   --> src/lib.rs:33:3
[INFO] [stdout]    |
[INFO] [stdout] 33 | #[deriving(Clone, Copy, PartialEq, Eq)]
[INFO] [stdout]    |   ^^^^^^^^
[INFO] [stdout] 
[INFO] [stdout] 
[INFO] [stdout] error[E0412]: cannot find type `Ordering` in this scope
[INFO] [stdout]   --> src/lib.rs:70:58
[INFO] [stdout]    |
[INFO] [stdout] 70 |     fn partial_cmp(&self, other: &Interval<T>) -> Option<Ordering> {
[INFO] [stdout]    |                                                          ^^^^^^^^ not found in this scope
[INFO] [stdout]    |
[INFO] [stdout] help: consider importing one of these items
[INFO] [stdout]    |
[INFO] [stdout] 9  | use std::cmp::Ordering;
[INFO] [stdout]    |
[INFO] [stdout] 9  | use std::sync::atomic::Ordering;
[INFO] [stdout]    |
[INFO] [stdout] 
[INFO] [stdout] 
[INFO] [stdout] error[E0425]: cannot find value `Equal` in this scope
[INFO] [stdout]   --> src/lib.rs:77:40
[INFO] [stdout]    |
[INFO] [stdout] 77 |         if self == other { return Some(Equal); }
[INFO] [stdout]    |                                        ^^^^^ not found in this scope
[INFO] [stdout]    |
[INFO] [stdout] help: consider importing this unit variant
[INFO] [stdout]    |
[INFO] [stdout] 9  | use std::cmp::Ordering::Equal;
[INFO] [stdout]    |
[INFO] [stdout] 
[INFO] [stdout] 
[INFO] [stdout] error[E0425]: cannot find value `Less` in this scope
[INFO] [stdout]   --> src/lib.rs:78:49
[INFO] [stdout]    |
[INFO] [stdout] 78 |         if self.end < other.begin { return Some(Less); }
[INFO] [stdout]    |                                                 ^^^^ not found in this scope
[INFO] [stdout]    |
[INFO] [stdout] help: consider importing this unit variant
[INFO] [stdout]    |
[INFO] [stdout] 9  | use std::cmp::Ordering::Less;
[INFO] [stdout]    |
[INFO] [stdout] 
[INFO] [stdout] 
[INFO] [stdout] error[E0425]: cannot find value `Greater` in this scope
[INFO] [stdout]   --> src/lib.rs:79:49
[INFO] [stdout]    |
[INFO] [stdout] 79 |         if self.begin > other.end { return Some(Greater); }
[INFO] [stdout]    |                                                 ^^^^^^^ not found in this scope
[INFO] [stdout]    |
[INFO] [stdout] help: consider importing this unit variant
[INFO] [stdout]    |
[INFO] [stdout] 9  | use std::cmp::Ordering::Greater;
[INFO] [stdout]    |
[INFO] [stdout] 
[INFO] [stdout] 
[INFO] [stdout] error[E0412]: cannot find type `uint` in this scope
[INFO] [stdout]    --> src/lib.rs:106:22
[INFO] [stdout]     |
[INFO] [stdout] 106 |     fn len(&self) -> uint;
[INFO] [stdout]     |                      ^^^^ not found in this scope
[INFO] [stdout] 
[INFO] [stdout] 
[INFO] [stdout] error[E0412]: cannot find type `uint` in this scope
[INFO] [stdout]    --> src/lib.rs:112:22
[INFO] [stdout]     |
[INFO] [stdout] 112 |     fn len(&self) -> uint {
[INFO] [stdout]     |                      ^^^^ not found in this scope
[INFO] [stdout] 
[INFO] [stdout] 
[INFO] [stdout] error: aborting due to 19 previous errors
[INFO] [stdout] 
[INFO] [stdout] 
[INFO] [stdout] Some errors have detailed explanations: E0412, E0425, E0432.
[INFO] [stdout] 
[INFO] [stdout] For more information about an error, try `rustc --explain E0412`.
[INFO] [stdout] 
[INFO] [stderr] error: build failed
[INFO] running `Command { std: "docker" "inspect" "73edf22a9b60eea6a0ef6b0ea00485dab48215ebc2e0a467fd0caebc165e30a4", kill_on_drop: false }`
[INFO] running `Command { std: "docker" "rm" "-f" "73edf22a9b60eea6a0ef6b0ea00485dab48215ebc2e0a467fd0caebc165e30a4", kill_on_drop: false }`
[INFO] [stdout] 73edf22a9b60eea6a0ef6b0ea00485dab48215ebc2e0a467fd0caebc165e30a4
